a**2 + 11*a + 31. Let u be b(d). Let y(p) = 52*p**2. Let z be y(-1). Calculate the highest common factor of z and u.
13
Let j = -48 - -335. Suppose 8*b - j = b. Suppose 13 + b = 9*w. What is the highest common factor of 114 and w?
6
Suppose 0*c + 5*c - 375 = 0. Suppose -2*m + 3*d + c = 0, 0*m + 10 = m + 4*d. Suppose -46 = -3*r + 74. Calculate the greatest common divisor of r and m.
10
Let b(c) = -c**2 + 16*c - 42. Let a be b(12). Suppose a*j = 393 - 273. Let m be (-3 - (-34)/(-2))*-1. What is the greatest common divisor of m and j?
20
Let m = 86 - 20. Suppose -t + 22 = q, -2*q + t + m = q. Suppose -130 = -3*x + 134. What is the greatest common divisor of x and q?
22
Let n be (-1 + -14)*(6/4 + (-55)/22). Calculate the highest common divisor of 9 and n.
3
Let s(j) = -j**3 + 19*j**2 - 16*j - 23. Let t be s(12). What is the highest common divisor of 26 and t?
13
Let u = -16923 + 16942. Let h(y) = y + 6. Let p be h(-5). Calculate the greatest common factor of p and u.
1
Suppose -f - 14*f = 0. Suppose 110 = 2*l + m - f*m, 2*l - m - 110 = 0. What is the highest common divisor of l and 33?
11
Let k(i) be the first derivative of i**3/3 - i**2 - 5*i - 11. Let u be k(8). What is the greatest common divisor of u and 301?
43
Suppose 0 = 29*o - 24197 - 21024 - 9328. Calculate the highest common divisor of 1045 and o.
209
Let m(s) = -s**3 - 2*s**2 + 14*s - 8. Let f be m(-5). Let h be 0 + (-4)/12*f + 24. What is the greatest common divisor of h and 35?
5
Suppose 0 = 385*t - 79573 - 55177. Calculate the highest common factor of 364 and t.
14
Let z(v) = 2*v - 9. Let t be z(6). Let m(q) = 9*q**2 - 21*q + 39. Let r be m(t). What is the highest common factor of r and 912?
57
Let h = -100 + 104. Let p be (76 - h) + -2 + -4. Calculate the greatest common factor of p and 12.
6
Suppose 5*t = -2*t + 966. Suppose 3*y + 5*q - t = 0, y + 8*q = 3*q + 56. Calculate the greatest common divisor of y and 205.
41
Let o(t) = 28*t + 7 - 54*t + 15*t. Let l be o(3). Let n be l/(-2) - (-1 - -1). Calculate the highest common divisor of n and 143.
13
Let c(f) = 75*f - 2. Let y be c(-8). Let x be 1/(-3) - y/6. Suppose l + 118 = 5*a, 23*a - 27*a = 4*l - 128. What is the highest common divisor of x and a?
25
Let n be (13/(-2))/(3/(-6)). Suppose -66*r + 7643 + 1358 - 1279 = 0. Calculate the greatest common factor of r and n.
13
Suppose 27*x = 2*x + 83*x - 56608. Calculate the highest common divisor of x and 610.
122
Suppose 29*j = 11*j - 3 + 309. Calculate the greatest common divisor of j and 12393.
17
Let i(q) = q + 20. Let r be i(-13). Let l = 7 - 4. Suppose -4*z + 3*b + 202 = 0, 2*b = z + l*z - 200. What is the greatest common divisor of z and r?
7
Let o(i) = -36*i - 1. Let b be o(-1). Suppose 5*k = 225 - 75. Suppose 5*f - k = -3*z + 6, 10 = z + f. Calculate the greatest common divisor of b and z.
7
Suppose 0 = -3*s - 1 - 11, -v + 4*s + 21 = 0. Calculate the greatest common factor of v and 590.
5
Suppose 499*r - 884077 = 445758. Calculate the greatest common factor of 2255 and r.
205
Let d = -6907 - -7325. What is the highest common factor of d and 704?
22
Suppose 287 = a - 5*g, 10*a - 9*a = -5*g + 217. Calculate the greatest common divisor of 576 and a.
36
Suppose 4 = -6*m + 7*m, 12 = -f + 5*m. Let h be 23/(-23) + 1/1. Suppose h = n + f*n - 90. What is the highest common divisor of n and 110?
10
Suppose -883 = -9*m + 2978. Let b = m - 333. Calculate the greatest common divisor of b and 160.
32
Let p be 1/(-3) + 150/(-9) + -4. Let w be (-678)/p - 0 - (-4)/(-14). Calculate the greatest common divisor of 288 and w.
32
Suppose -z + 1184 = 4*i - 4*z, -1176 = -4*i + 5*z. Let d = -2828 + 2851. Calculate the greatest common factor of i and d.
23
Suppose 3*o + 9*u = 7*u + 568, -764 = -4*o + 4*u. Calculate the highest common divisor of 290 and o.
10
Suppose p = -2*n - 219, -6*p + 5*p + 105 = -n. Let m be (n/126)/(2/238). Let w = -70 - m. Calculate the highest common factor of 4 and w.
4
Let s be (-28)/(142/(-168) - (-69)/92). Calculate the greatest common factor of 189 and s.
21
Let y(s) = -s**3 - 2*s**2 - 6*s - 3. Let u be y(3). Let n = u - -94. Calculate the greatest common factor of n and 308.
28
Suppose 34094 = 9*z - 9977 - 83477. What is the highest common divisor of z and 48?
12
Let u(q) = q**3 + 11*q**2 + 7*q. Let g be u(-10). Let t be (-46)/299 - 93/(-13). Suppose -41 - 1 = -t*i. Calculate the greatest common divisor of i and g.
6
Suppose 2*u - 9860 = a + 9759, 0 = 3*a + 15. What is the highest common factor of 21 and u?
21
Suppose 0 = -7*a + 3*a. Suppose 0 = -9*x - 7*x + 128. Suppose 3*h - 2 = n - 1, a = -4*n + x. Calculate the greatest common divisor of 11 and h.
1
Let v(q) = -q**2 + 11*q - 25. Let j be v(6). Suppose 0 = -y + 3*y - j*g - 416, -g = 2*y - 392. Calculate the greatest common divisor of y and 22.
22
Let f(a) = -11*a + 8. Let g be f(-8). Let p(u) = 7*u - 368. Let b be p(53). What is the greatest common factor of g and b?
3
Let x be (-23)/(207/(-451)) - ((-5)/(-9))/5. Calculate the greatest common divisor of 220 and x.
10
Suppose 58*b - 20502 = 1074. Calculate the highest common divisor of 2124 and b.
12
Let r = 11422 - 9686. Calculate the highest common factor of r and 31.
31
Let w(q) = -11*q - 20. Let j be w(-2). Let a(h) = h**3 + 4*h - 5. Let y be a(j). What is the greatest common divisor of y and 341?
11
Let b = 135 + -117. Suppose -72 = 10*d - b*d. Suppose 0 = -y - d*y + 320. What is the greatest common factor of y and 112?
16
Let n(v) = v**3 - 90*v**2 - 89*v - 42. Let k be n(91). Calculate the highest common divisor of 17430 and k.
70
Let o be (-20)/(-110) - (-1208)/11. Let a be ((-3)/(-6))/(11/o). Suppose 4*s - 3*u - 54 = 0, -4*s + 32 + 6 = a*u. What is the highest common factor of 42 and s?
6
Let k(s) = -s**2 - 18*s + 604. Let f be k(-34). Calculate the highest common factor of 52 and f.
4
Suppose -42*z = 54*z - 2401 - 4511. Let k = 222 - -42. What is the greatest common factor of z and k?
24
Suppose -59*x + 64*x = 4*z + 11584, 4*z - 4656 = -2*x. What is the highest common factor of 348 and x?
116
Let j = 3113 - 3069. Calculate the highest common divisor of 8756 and j.
44
Let b = -41764 - -42084. What is the greatest common divisor of 260 and b?
20
Suppose 4*v - 32 = -12*v. Suppose -z + 298 = -5*a, -5*a - 23 = v. Calculate the highest common divisor of z and 39.
39
Let x(n) = -2*n - 2*n + 27*n**2 + 0*n - n + 392*n**2 + 2. Let q be x(1). What is the highest common divisor of q and 26?
26
Suppose 0 = 4*c + 38 - 54. Suppose 3*t - 594 = 14*t. Let w be (t/(2 + -3))/(6/4). Calculate the greatest common divisor of c and w.
4
Suppose 2*z - 202*y + 207*y = 8430, -2*z + 8462 = -3*y. What is the highest common factor of z and 25?
25
Suppose 0 = f + 4*m - 13, -m + 34 = 4*f - 3*m. Suppose -5*s - 30 = 0, c + 4*s - 106 - 23 = 0. What is the greatest common factor of c and f?
9
Let h = 378 + -198. Let w = 37 - -3. Calculate the greatest common factor of w and h.
20
Suppose 93 - 83 = -5*t. Let y be (-15)/(t + (-9 + 6)/(-3)). Calculate the greatest common divisor of 6 and y.
3
Let s(q) = -q**3 + 16*q**2 + 4*q + 5. Let c(y) = -14*y**2 - 3*y - 6. Let x(r) = 3*c(r) + 2*s(r). Let z be x(-8). What is the highest common divisor of z and 12?
12
Let o(m) = 17*m. Let b be o(1). Let t = 227 + -57. Calculate the greatest common factor of b and t.
17
Let j(m) = -4*m - 42. Let v be j(-11). Suppose -7*b + 10*b + 14 = a, 4 = v*a. Let z be (-19 - 7)/(b/4). Calculate the greatest common factor of 65 and z.
13
Let s = -243 + 270. Let x be (-12)/1*(-90)/s. Calculate the highest common divisor of x and 88.
8
Suppose -3*p + 2*w + 268 = 2*p, 4*w = 5*p - 276. Suppose 0 = -m + 3*s + 19, -3*s - 31 = -4*m - 0*m. Calculate the highest common divisor of p and m.
4
Suppose 224 = 36*s - 8*s. Let z(a) = 193*a - 2. Let j be z(2). Calculate the highest common divisor of j and s.
8
Let h = 3386 + -1839. Calculate the greatest common divisor of 119 and h.
119
Let v = 3 - 2. Let a(w) = 12*w - 67. Let d be a(6). Suppose 0 = 2*z + 3*p - d, -z = 5*p - 0 + v. What is the greatest common factor of z and 2?
2
Let p be -7 - -5055 - (2 - 4 - -2*2). What is the greatest common divisor of 6 and p?
6
Let b be (-27)/81*(-18 + 0). Suppose b*z - 16 = 4*t + 2*z, 25 = 5*z. Let y be 6*t*364/21. Calculate the highest common divisor 